of m/(-34) - 348/(-68).
5
Suppose 0 = 4*h - 2*u - 8642, 2*u - 8638 = 22*h - 26*h. List the prime factors of h.
2, 3, 5
Suppose 3*h + 653 + 1365 = v, -3*v - 5*h = -6040. What are the prime factors of v?
5, 13, 31
Let a(u) = u + 6. Let h be a(-4). Suppose -5*j - 3*v + 39 = -3*j, 0 = -3*j - 3*v + 51. Suppose -j = 3*k, -c = -5*c - h*k + 188. List the prime factors of c.
7
Let w be 106 + -4 + 0 + 0. Let p = 174 - w. What are the prime factors of p?
2, 3
Let y be -2 - 0 - (-6)/1. Let d = y - -8. Suppose -d*g - 8 = -16*g. List the prime factors of g.
2
Let r be 119/35 - 6/15. Suppose -2*y = -r*j + 11, 5*y + 1 = j - 7. List the prime factors of j.
3
Let h be -1 - ((-207 - -1) + -3). Suppose -w - h = w. What are the prime factors of 1*(w/(-4) + 1)?
3
Suppose 408 = -404*o + 408*o. What are the prime factors of o?
2, 3, 17
Let i be 7*(-12)/(0 + 4). Let w = i + 27. List the prime factors of 51/w*2*3.
3, 17
Let i be (-1649)/(-34)*1*(1 - -1). Let u = i + -44. What are the prime factors of u?
53
Let p(y) = -y**2 + 10*y - 19. Let h = -27 - -33. Let j be p(h). Suppose -4*l = 0, -170 + 475 = j*x + 2*l. List the prime factors of x.
61
Let k(x) = 3*x - 2. Let f be k(2). Suppose -74 = -4*l - 2*p - f, 0 = 4*l - 4*p - 52. List the prime factors of (100/l)/((-2)/(-8)).
5
Let o = 6 - 1. Suppose o*w - 67 - 23 = 0. What are the prime factors of w?
2, 3
Let x = 6085 + -3755. List the prime factors of x.
2, 5, 233
Suppose 0 = 2*i - t - 482, 0 = -3*i + 2*t + 359 + 364. List the prime factors of i.
241
List the prime factors of 712/(-6)*216/(-48).
2, 3, 89
Suppose 10 = 4*u + u. Let n be (6 - 0)/((-2)/(4/(-3))). List the prime factors of (1 + 62/n)*u.
3, 11
Let s(j) = -15*j**2 - 15*j + 23. Let m(f) = f - 7*f**2 + 12 - 9*f + 0*f. Let r(p) = 13*m(p) - 6*s(p). List the prime factors of r(-13).
31
Suppose 568 = -4*z + 2616. Suppose 2*y + z = 4*q, q = -q - 3*y + 240. List the prime factors of q.
2, 3, 7
Suppose -5 = -2*n + z, -z + 9 = n + 2. Suppose -5*h - 6 = n. Let y = 18 + h. List the prime factors of y.
2
Let a = -13 - -19. Let n(c) = c**3 - 7*c**2 + 6*c + 2. List the prime factors of n(a).
2
Let w(i) = 2*i + 38. Let m be w(-16). Suppose 0*u = -m*u + 408. List the prime factors of u.
2, 17
Let c be (-48)/(-27) + (-10)/(-45). Suppose q + 0 = c. Suppose -2*m + 26 = -3*g, -26 = -q*m - 0*m + g. List the prime factors of m.
13
Suppose -8*u + 27180 = 1628. List the prime factors of u.
2, 1597
Let n(b) = 2*b + 8. Let g be n(-4). Suppose 0 = -3*s + 2*r - 1 - 92, g = 5*r. Let j = 51 + s. List the prime factors of j.
2, 5
List the prime factors of 2 + -4 + 6 + (-1863)/(-1).
1867
Let k be 5/3 - (-1)/3. Suppose k = -2*w - 0. List the prime factors of (-2)/w - (-5 + 4).
3
Let n be (408/119)/(2/7). Suppose -6*i = -0*i - n. List the prime factors of (i - -47) + (5 - 5).
7
What are the prime factors of (-4 - (-4 - (-6 + 3))) + 133?
2, 5, 13
Let d be (7/2)/((14/(-4))/7). Let c(p) = -p**3 - 5*p**2 - 5*p + 3. What are the prime factors of c(d)?
2, 17
Suppose 0 = -7*p + p + 48. Suppose 0 = -7*o + p*o - 66. What are the prime factors of o?
2, 3, 11
Let d(k) be the third derivative of -k**5/60 - 11*k**4/24 + k**3/3 + 5*k**2. Let l(h) be the first derivative of d(h). List the prime factors of l(-9).
7
What are the prime factors of 5/(-1 + -4)*-257?
257
Let s = -27 - -29. What are the prime factors of s/(2/67) + -4?
3, 7
What are the prime factors of (24/(-12))/((-1)/176)?
2, 11
What are the prime factors of 4677/21 - (2 + (-112)/49)?
223
Suppose -54*x + 48*x + 4074 = 0. List the prime factors of x.
7, 97
Suppose -3*q = 5*r - 4*r - 6, 0 = -5*r - 5*q - 10. Let z be ((-4)/r)/((-7)/(-315)). Suppose 0 = 4*j - 34 - z. What are the prime factors of j?
2
Let j(a) = -16*a + 781. What are the prime factors of j(45)?
61
Suppose 96 = -2*i + 16. Let o = i + 86. List the prime factors of o.
2, 23
Suppose 4*h = -4*q - 32, 12 = -2*q + h + 2. Suppose -3*d - 2*v - 10 = 0, -5*v - 4 = -3*d - 0. List the prime factors of (-38)/q - d/3.
7
What are the prime factors of 64768/40 + (-1)/5?
1619
Let n = 9 + -2. Let l = -52 + 87. List the prime factors of (-2)/n - (-1480)/l.
2, 3, 7
Let l(k) = -2*k**2 + 4*k + 1309. List the prime factors of l(0).
7, 11, 17
Let z(r) = 2*r + 7. Let g be z(5). Let b = 16 - g. List the prime factors of (-2 - -3)*b - -48.
47
Let g be (-10)/(-3)*78/5. Suppose -56*x + 204 = -g*x. What are the prime factors of x?
3, 17
Let t = 498 - 209. List the prime factors of t.
17
What are the prime factors of (-11110)/(-50) + (-4)/(-5)?
223
Let w(q) = 4*q - 1. Let a be w(-4). Let k = 21 + a. Let o(j) = j**3 - 3*j**2 + 2*j + 3. What are the prime factors of o(k)?
3
Let b be -5 + 8 - (0 + 0). Suppose b*d + 6 = -4*r - 4, 4*d - r - 12 = 0. Let t = 3 + d. List the prime factors of t.
5
Let x be 0/(-1) - (-967)/1. Let m = 1379 - x. Suppose -5*u + 369 = -5*l - 11, m = 5*u + 3*l. List the prime factors of u.
2, 5
Let y = -119 + 192. What are the prime factors of y?
73
Let p(t) = 4*t + 54. Let b be p(-17). Let h(f) be the second derivative of f**5/20 + 7*f**4/6 - f**3/3 - 9*f**2 + f. List the prime factors of h(b).
2, 5
Let q(v) = v**2 + v + 4. Let m be q(-7). Suppose -5*k - 16 = -m. Suppose i - k*i = -85. List the prime factors of i.
17
Let s(k) = 73*k**2 + 3*k - 15. List the prime factors of s(3).
3, 7, 31
Let y(w) = 2 + 7*w**2 - 5*w**2 - 3 + 5 + 11*w. List the prime factors of y(-12).
2, 5
Let f be (-4)/(-6) - (-20)/6. Let k(w) be the third derivative of w**5/12 - w**4/12 - w**3/2 + 58*w**2. What are the prime factors of k(f)?
3, 23
Let b = 8 - 10. Let t = b - -2. Suppose -5*s + 4*v + 218 = t, s - 4*v = 28 + 6. What are the prime factors of s?
2, 23
Let f(a) = -6*a**3 - 2*a**2 - 3*a - 1. Let r be (6 + 6)*2/3. Suppose 10 = -13*z + r*z. What are the prime factors of f(z)?
3, 5
Suppose 0 = -k, -5*q - 3*k = -6*q + 760. List the prime factors of q.
2, 5, 19
Let l(h) = -2*h + 6. Let s be l(0). Let x(r) = 16*r - 16. What are the prime factors of x(s)?
2, 5
Let m(s) = 3*s**3 - 34*s**2 - 17*s + 49. List the prime factors of m(14).
7, 197
What are the prime factors of (6/(-10))/(9/(-85590))?
2, 3, 317
Let s(w) = -8*w + 2. Let a be s(-2). Let k = a + -22. List the prime factors of k + 0/(-3) + 46.
2, 3, 7
Let y = -139 + 699. Let g = y + -376. List the prime factors of g.
2, 23
Let a(g) = -12*g + 3045. What are the prime factors of a(0)?
3, 5, 7, 29
Suppose 5*l - 4390 = -3*d, 2*l = -d - 0*l + 1465. List the prime factors of d.
3, 5, 97
Let s = 1329 + -553. What are the prime factors of s?
2, 97
Suppose 5*g - 93 = 6*g + 3*l, 5*l = -25. Let x = 257 + g. What are the prime factors of x?
179
Let u(x) = 2*x**2 - 12*x + 4. Let r be u(8). Let h be (-9)/r + 98/8. Suppose h = 5*c - 8. List the prime factors of c.
2
Suppose -63 = -8*z + z. Suppose -x = 2*x - v - 51, 2*x - 33 = v. Suppose m - x = z. What are the prime factors of m?
3
Suppose 4*b = -4*f + 4128, 0 = -4*f + 5*b - 251 + 4415. Let l = f - 740. List the prime factors of l.
2, 37
Let y(h) = 190*h + 50. List the prime factors of y(7).
2, 3, 5, 23
Suppose -p + 4*w + 272 = 0, -5*w - 91 + 661 = 2*p. What are the prime factors of p?
2, 5, 7
Suppose 21*a + 7294 = 21595. What are the prime factors of a?
3, 227
Let v(f) = -4*f**2 + 3*f - 4. Let t(d) = 23*d**2 - 18*d + 23. Let m(s) = 6*t(s) + 34*v(s). Let y be m(4). Suppose l = y + 17. List the prime factors of l.
3
List the prime factors of ((-812)/35)/(1*4/(-120)).
2, 3, 29
Let f(p) = -p + 90. Let a be f(0). Suppose -3*y - a = -9. Let v = -19 - y. What are the prime factors of v?
2
Suppose 48 = 10*a - 162. List the prime factors of 4 + (-4026)/(-21) - (-6)/a.
2, 7
List the prime factors of (-21836)/(-9) - 110/495.
2, 1213
Let x = 4 + -6. Let n be (x - 1)/((-18)/42). Suppose -n*q + 2*q = -2*c - 166, -5*c - 92 = -3*q. List the prime factors of q.
2, 17
Let r(w) = 6 - 4*w - 7*w**2 + 0 - 7*w - w**3. List the prime factors of r(-8).
2, 79
Let q = -3 + 25. Suppose 0*u + u = q. What are the prime factors of u?
2, 11
Suppose -886*j + 8086 = -884*j. What are the prime factors of j?
13, 311
List the prime factors of 64080/25 + 15/(-75).
11, 233
Let i = -76 + 229. List the prime factors of i.
3, 17
Suppose -8980 + 45796 = 24*f. What are the prime factors of f?
2, 13, 59
Let b(w) = 40*w**2 - 1. Let v be b(1). Let p = -38 - v. Let u = p + 131.